- 4*z - 25 = 0. Let s = z + 13. List the prime factors of s.
2, 3
Let i(m) = 4*m**3 - 2*m**2 + m - 4. Let g(d) = d - 2. Let k be g(4). What are the prime factors of i(k)?
2, 11
Suppose -4*n - 4 = 4*k - 0, 4*n + 4 = 2*k. Suppose 0 = x - 51 - 4. Suppose k*w + w = 4*l + x, 5*w - 243 = 4*l. List the prime factors of w.
47
Let c(x) be the second derivative of x**4/12 - x**2/2 + 2*x. Let f be c(1). Suppose y + 5*r + 6 - 2 = 0, y - 2*r - 17 = f. List the prime factors of y.
11
Suppose 0 = -269*s + 273*s - 6360. List the prime factors of s.
2, 3, 5, 53
Suppose 8*c = 3*c + 195. List the prime factors of (-6)/c - 9992/(-52).
2, 3
Let d(h) = h**3 - 3*h**2 - 5*h + 6. Let k be d(4). Suppose 0 = -k*o - o - 2*u + 85, -4*u - 100 = -4*o. What are the prime factors of o?
3
Let c(f) = f**2 + 14*f + 27. Let z be c(-12). Suppose -2*r - s = -99, -3*r + 148 = -z*s + 4*s. What are the prime factors of r?
7
Suppose 2*t - 10 = -2*m - m, -2*m = t - 6. Suppose 0 = -2*g - m + 12. What are the prime factors of -1 + (2 + g)*2?
13
Suppose 0*r - 4*q + 1328 = 4*r, q + 1353 = 4*r. List the prime factors of r.
337
Let v be (6 - 4)*2*6/(-4). List the prime factors of -16*(-1)/v*-18.
2, 3
Suppose -6*w = -3*w + 33. Let d(t) = -t**3 + t**2 + t - 1. Let v(k) = -2*k**3 + 13*k**2 - 9*k - 1. Let c(m) = -3*d(m) + v(m). List the prime factors of c(w).
13
Suppose 0 = -9*u + 19*u - 37180. List the prime factors of u.
2, 11, 13
Let f(u) = 12*u**2 + 19*u + 14. List the prime factors of f(7).
3, 5, 7
Let v(p) = 10*p + 2*p + 2 - 9. Let y = 115 - 109. What are the prime factors of v(y)?
5, 13
Let r(q) = -q**2 - 17*q - 14. Let a(j) = 3*j**2 + 2*j + 2. Let h be a(-1). Let c be (-28)/2*1 + h. List the prime factors of r(c).
2, 13
Let i = 1923 - 1002. List the prime factors of i.
3, 307
Let x be (-2431)/(-117) - (-4)/18. Let t = -5 + 8. Suppose -81 = -t*n - x. List the prime factors of n.
2, 5
Let s(g) = g**3 + 7*g**2 - 5*g - 3. Let x be s(-6). Let o be ((-40)/15)/(((-12)/(-81))/2). Let u = o + x. List the prime factors of u.
3
Let f be (1 - -2)*-1 - -6. Suppose 0 = 3*j + 12, -5*g - f*j = -7*j - 936. Suppose 6*n - g - 128 = 0. What are the prime factors of n?
2, 13
Let y(s) = s + 4. Let h be y(-2). Let p(c) = 6*c + c**3 + 6*c**2 - 3*c + 2 + h*c. What are the prime factors of p(-5)?
2
Suppose -1026 = -2*w - 5*v, -5*v - 1497 = -3*w - 2*v. What are the prime factors of w?
503
Suppose 4*h - 5*b = -99, -5*h - b - 66 - 36 = 0. Let t = -21 - h. Suppose -6*c + t*c + 318 = 0. List the prime factors of c.
53
Suppose -7*l + 168 = 7*l. What are the prime factors of (l - 1)*12/66?
2
Let b be 128/(-24)*(-6)/4. Suppose 6*k = b*k - 52. List the prime factors of k.
2, 13
Let m = 55 + -13. Let q = 43 + m. What are the prime factors of q?
5, 17
Let u(r) be the first derivative of -1/2*r**2 + 5/3*r**3 + 4*r - 4 + 1/4*r**4. List the prime factors of u(-4).
2, 3
Let b be (-3 - -4) + 3 - (-3)/(-1). List the prime factors of 127*b - (-5)/((-10)/(-4)).
3, 43
Let z(u) = -6*u - 9. Suppose -6*f = -5*f + 17. List the prime factors of z(f).
3, 31
Let t be 45/(-6)*(-3)/((-18)/(-20)). List the prime factors of 10/t - 388/(-5) - 2.
2, 19
Let d(i) = i**2 - i + 1. Let b be d(2). Suppose 10 + 110 = 4*a + 4*h, -2*a + b*h = -35. Suppose -x - 5*k = -a, -x = k + 3 - 16. List the prime factors of x.
2, 5
Let l = -3 + 15. Let q be (l/(-5))/((-12)/(-360)). Let t = -42 - q. List the prime factors of t.
2, 3, 5
Suppose 0*n = -4*n + 2*p + 362, p + 88 = n. What are the prime factors of n?
3, 31
Let j(c) = -c**3 + c**2 + c + 4. Let u be j(0). Suppose -2*t = u*x + t - 171, 2*t - 174 = -4*x. List the prime factors of x.
3, 5
List the prime factors of (303 - 16) + 12*4/8.
293
What are the prime factors of -1 - (3 + 4 - 4760)/1?
2, 3, 11
Let a = 59 - -91. List the prime factors of a.
2, 3, 5
Let d = 110 - -895. What are the prime factors of d?
3, 5, 67
Let l be (-6)/3 - 2*2. Let b(w) = w**2 + 2*w - 8. Let m be b(l). Suppose m = o + 6. What are the prime factors of o?
2, 5
Let r be 8/(-52) + (-48)/26. Let y be -6*((-2)/2 - r). What are the prime factors of (-4)/((-16)/y)*-12?
2, 3
Let k(b) = -11*b - 6. Let f be k(-2). Suppose -4*p = -8*p - f. What are the prime factors of p/(-22) - 40/(-22)?
2
Suppose 6 = 2*x + x. Let z be (x - -158)*(-12)/(-15). Let r = z - 76. List the prime factors of r.
2, 13
Suppose -5*p = 4*c + c + 40, 5*p + 54 = 2*c. Let v(k) be the first derivative of k**3/3 + 9*k**2/2 + 12*k - 4. What are the prime factors of v(p)?
2, 11
Let b(u) = -u**3 - 5*u**2 + 13*u - 6. Let j be b(-7). Let c(l) = 25*l**3 - l**2 - l + 1. List the prime factors of c(j).
2, 3
Let i = 272 + -92. Suppose -3*b - 821 = -4*k, -4*k + 635 + i = -b. Suppose h = 2*j + 49, 4*h + j - 2*j = k. List the prime factors of h.
3, 17
Let k(d) = -2*d + 5. Let g = -4 - -6. Let l be g + -1 - (-8)/(-1). List the prime factors of k(l).
19
Suppose -2*p = 2*g - 1664 + 596, 1609 = 3*g - 4*p. What are the prime factors of g?
5, 107
Let v(n) = -7*n - 20. Suppose -14 = 12*h - 13*h. Suppose 0 = 4*d + 4*l + 36, -4*d + 5*l - 13 = h. List the prime factors of v(d).
2, 3
Let h = -93 - -105. List the prime factors of -4 + h/2 - -110.
2, 7
Let x(y) = 14*y**2 + 3*y - 4. Let h(t) = 7*t**2 + 2*t - 2. Let n(m) = 5*h(m) - 3*x(m). Let f be n(-2). Let c = 52 + f. List the prime factors of c.
2, 3
Let u = -533 - -337. Let s = 322 + u. List the prime factors of s.
2, 3, 7
Let m(y) = 0*y + 48*y**2 - 4 + 5 + y. Let j be m(-1). List the prime factors of (3 - 0)*j/9.
2
Let l = 4060 + 375. List the prime factors of l.
5, 887
What are the prime factors of (2154*1)/((7 - -1) + -6)?
3, 359
Suppose 3949 + 7796 = 9*o. List the prime factors of o.
3, 5, 29
Let y = 420 + -182. What are the prime factors of y?
2, 7, 17
Suppose -4840 = -30*p + 26*p. Suppose 0 = -5*l + 4*i + p, 5*l = -0*i + i + 1210. What are the prime factors of l?
2, 11
Let k(g) = 5*g + 2. Let a(o) = -o**2 - 24*o - 10. Let n(y) = -2*a(y) - 11*k(y). List the prime factors of n(-6).
2, 7
Let x(v) = -3*v - 13. Let r be x(-6). What are the prime factors of r/(5/1) + 58?
59
Suppose 2*p = 6*p - 20. Suppose 0 = p*g - 0*n + 4*n - 15, -15 = -5*g + 5*n. Suppose g*o - 48 = -4*h, -4*h + 22 + 26 = -5*o. What are the prime factors of h?
2, 3
Let s(l) = 3500*l**2 + 23*l + 22. What are the prime factors of s(-1)?
3499
Let j = 73 + -25. Suppose 0 = 10*f - 6*f - j. What are the prime factors of f?
2, 3
Let j(x) = 46*x**2 - 2*x + 1. Let y be j(4). Suppose -5*c = -y + 244. List the prime factors of c.
97
Let u = 1039 + -393. List the prime factors of u.
2, 17, 19
Let d(j) = -j + 8 - 18 + 0. Let c be d(-13). Suppose 3*z - c*f = 72, 3 = f - 1. What are the prime factors of z?
2, 7
Let q = -20 + 17. Let b(n) = n**3 + 4*n**2 - 3*n + 4. What are the prime factors of b(q)?
2, 11
Suppose 3*m - 3 = 0, 3*l - 2*m = m - 135. Let i = -7 - l. Suppose 4*k + c - i = 0, 4*k - 5*c + 11 - 66 = 0. List the prime factors of k.
2, 5
Let p be (-2 + 15/6)*(4 - 8). Let b(r) = -8*r**3 - 2*r**2 - r + 2. What are the prime factors of b(p)?
2, 3, 5
List the prime factors of (-2)/(-5) + 2584/40.
5, 13
Suppose 8 = -j - 11. Let i = j + -35. Let t = i + 96. What are the prime factors of t?
2, 3, 7
Suppose -27 - 10 = 2*p - r, -3*p = -r + 55. Let z = p + 12. Let j(x) = x**3 + 7*x**2 - 6. List the prime factors of j(z).
2, 3, 5
Let c(d) = 4*d + 7. Suppose -4*t + 10 = 2. Suppose -25 = -3*j - t*j + 5*y, -2*y + 44 = 4*j. List the prime factors of c(j).
43
Let i = -7 - -10. Suppose 0 = -i*h - 2*h + 4*o + 130, -5*h + 130 = -o. What are the prime factors of h?
2, 13
Suppose 2*x = 4*c - 12880, 22051 = 5*c - 4*x + 5948. List the prime factors of c.
3, 29, 37
Let i be 14/8 + (-1)/(-4). Suppose i*f = -5 + 37. What are the prime factors of f?
2
Let v(r) = 312*r**3 + 19*r - 615*r**3 + 1 - 17*r**2 + 304*r**3. Suppose -1 = k - 17. What are the prime factors of v(k)?
7
Let o(l) = -122*l - 461. List the prime factors of o(-23).
5, 7, 67
Suppose -4*f = 4*k - 48, -52 = -5*f - 2*k - k. Suppose 3*n + 50 = 17. Let s = f - n. List the prime factors of s.
19
Let x = -588 - -596. What are the prime factors of x?
2
Let f = -134 - -137. Suppose -5*s + 25 = -5*d, 0 = -3*d + 8*d - 4*s + 20. Suppose -2 = 2*i - f*v, d*i = -3*i - 2*v + 10. List the prime factors of i.
2
Suppose 0 = -5*u + z + 4653 - 1453, -4*z = -4*u + 2544. L